 28. Let z be r(0). Calculate the greatest common divisor of z and 308.
28
Let q be 2/7 - 24/(-14). Let k = -44 - -62. Calculate the highest common factor of k and q.
2
Let c(j) = -33*j + 1. Let g be c(1). Let i be 3/((-6)/g) + 0. Calculate the highest common divisor of i and 40.
8
Let s(t) = -4*t + 17. Let l be s(5). Suppose -j = -4*y + 30, 2*j - 2*y = -23 - 7. Let x = l - j. What is the greatest common divisor of x and 14?
7
Let t(r) = r**2 - 2*r + 3. Let c be t(2). Suppose -10 = c*k + 2*k. Let m be k/(-3)*1*42. Calculate the highest common factor of 4 and m.
4
Let l(v) = -v**2 + 6*v + 9. Let g be l(7). Let o be (-30)/((-3)/(-4)*-2). Calculate the greatest common factor of g and o.
2
Let b(j) = j**2 - 7*j + 4. Let m be b(5). Let i be ((-2)/m)/(1/81). What is the greatest common divisor of 18 and i?
9
Let a be 8*(-87)/2*(-3)/6. Calculate the highest common divisor of 116 and a.
58
Let p(s) = -4*s**2 - 12*s - 9. Let k(b) = b**2 + b + 1. Let u(g) = 3*k(g) + p(g). Let q be u(-6). Calculate the greatest common divisor of 3 and q.
3
Let o(v) = v**3 - 4*v**2 - 6*v - 2. Let w be o(5). Let j be (-1 - 1)*(-3)/(-2). Let c = j - w. Calculate the greatest common divisor of 16 and c.
4
Suppose -2*j = -2*h + 100, 5*h = 7*h - 4*j - 98. Calculate the highest common factor of 17 and h.
17
Suppose 0*x = -5*x - 3*k + 10, 0 = -5*x + 5*k + 10. Let m(g) = 2*g**2 + 4*g - 5 - 2 + x. Let y be m(-4). Calculate the greatest common divisor of y and 33.
11
Let r be (0/3 - -14)*1. Let m = -10 + r. Let b = 12 - 8. What is the highest common divisor of b and m?
4
Let h = 6 - -39. What is the greatest common divisor of h and 18?
9
Let w(d) = -10*d**3. Let q be w(-2). Calculate the highest common factor of q and 10.
10
Let x = -633 + 939. Let j = 682 - 648. What is the greatest common divisor of x and j?
34
Let t(i) = -14*i**3 - 2*i**2 + 1. Let d be t(-1). Calculate the highest common divisor of d and 91.
13
Let v = -189 - -112. Suppose d + 43 = -10. Let r = d - v. Calculate the highest common divisor of 36 and r.
12
Suppose -3*u + 128 = -4*b - 4, -3*u + b + 132 = 0. Calculate the highest common factor of 4 and u.
4
Suppose 24 = -9*q + 456. What is the highest common divisor of 336 and q?
48
Let h = 746 - 442. Calculate the highest common divisor of 38 and h.
38
Let z be ((-65)/20)/(2/(-16)). Suppose -12 = 3*r, -r - 3*r = 2*n - z. Calculate the highest common factor of n and 14.
7
Suppose -z = 2*z. Suppose -h + 0 = 4*t + 3, -2*t - 2 = z. Let y be (-4)/(-6)*(-6)/(-4). What is the greatest common divisor of y and h?
1
Let g = 57 + -22. Let c = 7 + 0. Calculate the greatest common divisor of g and c.
7
Suppose -8 = -6*w + 5*w. Calculate the greatest common divisor of 4 and w.
4
Suppose 2*f = 2*z + 5*f + 24, -2*z = 2*f + 26. Let k be 767/5 - z/25. Calculate the highest common factor of 22 and k.
22
Suppose 2*s + 26 = 5*u - 30, -s + 14 = u. Let f = 24 - u. Calculate the greatest common divisor of 48 and f.
12
Suppose -o = 3*t - 2 - 0, -2*o = 3*t - 1. Suppose -h - i = h + 3, -h + i = -6. What is the greatest common factor of h and t?
1
Let r(z) = z - 2. Let x be r(4). Suppose 0 = s - 6 - x. Suppose 4*d = s - 0. Calculate the greatest common factor of 14 and d.
2
Let h(c) = -c**3 + 8*c**2 + 8*c + 12. Let t be h(9). Let w = -57 + 66. Calculate the greatest common factor of w and t.
3
Suppose -5*p = 10 + 30. Let n(i) = -i**2 - 11*i. Let y be n(p). Let z(h) = h**2 + 6*h + 6. Let g be z(-6). Calculate the highest common factor of y and g.
6
Suppose -a = -3*t - 121, 0*a = -5*a + 5*t + 585. What is the greatest common factor of a and 23?
23
Suppose 4*d + 14 = 5*d. What is the greatest common divisor of 35 and d?
7
Let y(i) = i + 10. Let c be y(-10). Suppose -h - 4*k + 83 = -c*k, -4*h - 3*k = -306. What is the highest common factor of h and 30?
15
Let g(t) = 16*t**3 - 2*t**2 - 2*t + 1. Let u be g(2). What is the greatest common divisor of 13 and u?
13
Let d(l) = 4*l**3 - l**2 + 3*l + 4. Let k be d(3). Let w be (15/20)/((-18)/(-336)). Calculate the highest common factor of k and w.
14
Let s = -31 + 45. Let o = s - 4. Calculate the highest common divisor of o and 15.
5
Suppose -7*r - 20 = -2*r. Let s = 11 + r. Calculate the greatest common divisor of s and 35.
7
Let t(p) = p**2 - 13*p - 12. Let o be t(-8). Calculate the highest common divisor of o and 12.
12
Let x be 1*(53 - (0 - -2)). Suppose 4*u - 6 = u. Suppose -u*m + x = -103. Calculate the greatest common factor of m and 7.
7
Let v be 3*(-2)/(-6)*40. Calculate the highest common factor of v and 8.
8
Let b(u) = -8*u. Suppose -16 = 5*y + 4. Let i be b(y). Calculate the greatest common factor of 4 and i.
4
Let f = -104 + 72. Let u be (f/3)/(3/(-9)). What is the greatest common divisor of u and 8?
8
Suppose -202 - 148 = -14*x. Let b be (5/(-2))/((-1)/4). What is the highest common divisor of b and x?
5
Let f(d) = d**2 + 7*d + 2. Let b be f(-5). Let p(t) = -4*t - 8. Let y be p(b). Calculate the greatest common factor of 12 and y.
12
Let i(m) = -m**2 + m + 1. Let g be i(2). Let n = g - -5. Suppose h + 81 = 2*p - 0*h, -n*p - 2*h = -150. Calculate the greatest common divisor of p and 26.
13
Suppose -3*p + 14 = -97. Suppose 0 = -c - i + p, 3*c - 4*i = 118. What is the greatest common factor of c and 19?
19
Suppose -4*h = 2*s - 4*s + 40, 5*s + 2*h - 40 = 0. What is the greatest common factor of 20 and s?
10
Suppose -3*u = -2*x + 27, 5*u + 17 = -2*x + 68. Calculate the highest common divisor of x and 144.
18
Let i(j) be the first derivative of j**2/2 - 2*j - 2. Let f be i(-4). Let s be ((-1)/(-3))/(f/(-36)). Calculate the greatest common factor of s and 22.
2
Suppose -7*w + 5*w = 0. Suppose n - 6 + 4 = w. What is the greatest common divisor of n and 1?
1
Let u be 884/4 + (-3 - (-9)/3). Calculate the greatest common divisor of 17 and u.
17
Let n be (-3)/(-1)*14/2. Let q = 48 - 27. What is the highest common divisor of q and n?
21
Suppose -4*u + 48 = 24. Let z(j) = j**2 - 2*j - 5. Let p be z(4). Calculate the greatest common divisor of p and u.
3
Let o(v) = 7*v**3 + 2*v**2 - v + 1. Let q be o(2). What is the highest common divisor of q and 9?
9
Let r = 4 - 5. Let y be (-10 - 9/(-3))*r. Suppose 2*p + 2*p - 112 = 0. Calculate the greatest common divisor of y and p.
7
Let l(r) = r**3 + 7*r**2 - 9*r - 6. Let o be l(-7). Suppose 5*h = o - 17. Calculate the greatest common factor of 88 and h.
8
Let y = -27 + 72. Suppose 0 = -0*d + d - y. Suppose -4*a - a = b - d, -2*a - 150 = -2*b. Calculate the greatest common factor of b and 28.
14
Let w = -56 + 98. Suppose -2*b + 18 = b. Suppose 5*x = 3*v - b + 64, v - 60 = -4*x. What is the highest common divisor of w and x?
14
Let c = -10 - -8. Let q be 23 + -6 - (-2)/c. Calculate the greatest common factor of q and 176.
16
Suppose 41*d - 40*d - 18 = 0. What is the greatest common factor of 252 and d?
18
Suppose -c - 18 = -3*c + 2*k, 4*c + k = 26. Suppose -3*h + c = -5. Suppose o - 5*s = 2*o + 22, -3*s - 3 = h*o. What is the greatest common divisor of 3 and o?
3
Suppose -z + 5*z = 288. Suppose 4 = -5*l - 11. Let v = l - -12. What is the greatest common factor of z and v?
9
Let z = 26 - 12. What is the highest common divisor of 7 and z?
7
Suppose -6*q + 7*q + 41 = 2*w, w - 5*q = 43. Suppose 4 + 2 = -3*t. Let o be (w/5)/(t/(-5)). Calculate the highest common divisor of o and 9.
9
Let s = 11 + -7. Suppose -j - s*j = 555. Let g be 1/(-3) + j/(-9). Calculate the greatest common factor of g and 18.
6
Let s be 38/(-5) + (-8)/20. Let u(b) = b + 10. Let c be u(s). What is the greatest common factor of 2 and c?
2
Let q(z) = z**3 + z**2 + 105. Let l be q(0). Calculate the greatest common factor of l and 21.
21
Suppose -m + 0*m + 20 = 0. Let i(p) = -4*p + 6. Let z be i(-6). What is the highest common divisor of z and m?
10
Let f(l) = l**2 + 7*l + 7. Let b be f(-5). Let r = b + 11. Calculate the highest common factor of r and 64.
8
Let w(k) = 2*k**2 + 10. Let p be ((-80)/(-24))/(4/(-6)). Let o be w(p). Calculate the greatest common factor of 20 and o.
20
Let l = 285 - 159. Suppose 22 = 2*b - 56. Let f = b + -21. Calculate the highest common factor of l and f.
18
Let f(c) = c**3 - 13*c**2 + 12*c + 6. Let w be f(12). What is the greatest common divisor of w and 48?
6
Let q(x) = -4*x + 5. Let o(w) = w - 4. Let t be o(8). Let l 